{"id":333,"date":"2021-06-04T13:13:03","date_gmt":"2021-06-04T11:13:03","guid":{"rendered":"http:\/\/www.profilaktyka-pluca.pl\/?page_id=333"},"modified":"2021-06-07T12:53:07","modified_gmt":"2021-06-07T10:53:07","slug":"licznik-paczkolat","status":"publish","type":"page","link":"http:\/\/www.profilaktyka-pluca.pl\/?page_id=333","title":{"rendered":"Licznik paczkolat"},"content":{"rendered":"<style>@media (max-width:480px){#cp_calculatedfieldsf_pform_1{min-height:223px;}}@media (max-width:768px){#cp_calculatedfieldsf_pform_1{min-height:201px;}}@media (max-width:1024px){#cp_calculatedfieldsf_pform_1{min-height:207px;}}@media (min-width:1024px){#cp_calculatedfieldsf_pform_1{min-height:201px;}}<\/style><form name=\"cp_calculatedfieldsf_pform_1\" id=\"cp_calculatedfieldsf_pform_1\" action=\"http:\/\/www.profilaktyka-pluca.pl\/?page_id=333\" method=\"post\" enctype=\"multipart\/form-data\" onsubmit=\"return fbuilderjQuery.fbuilder.doValidate(this);\" class=\"cff-form no-prefetch  cff-form-7\"  data-nonce=\"7bb7c81448\">\n<input type=\"hidden\" name=\"cp_calculatedfieldsf_pform_psequence\" value=\"_1\" \/>\n<input type=\"hidden\" name=\"cp_calculatedfieldsf_id\" value=\"7\" \/>\n<input type=\"hidden\" name=\"cp_ref_page\" value=\"http:\/\/www.profilaktyka-pluca.pl\" \/>\n<pre style=\"display:none !important;\"><script data-category=\"functional\" type=\"text\/javascript\">form_structure_1=[[{\"form_identifier\":\"\",\"name\":\"fieldname3\",\"shortlabel\":\"\",\"index\":0,\"ftype\":\"fnumber\",\"userhelp\":\"\",\"userhelpTooltip\":false,\"tooltipIcon\":false,\"csslayout\":\"\",\"title\":\"Wpisz \\u015bredni\\u0105 liczb\\u0119  wypalanych papieros\\u00f3w na dzie\\u0144:\",\"predefined\":\"20\",\"predefinedClick\":false,\"required\":true,\"exclude\":false,\"readonly\":false,\"size\":\"small\",\"thousandSeparator\":\"\",\"decimalSymbol\":\".\",\"min\":\"1\",\"max\":\"80\",\"formatDynamically\":false,\"dformat\":\"digits\",\"formats\":[\"digits\",\"number\",\"percent\"],\"fBuild\":{},\"parent\":\"\"},{\"form_identifier\":\"\",\"name\":\"fieldname2\",\"shortlabel\":\"\",\"index\":1,\"ftype\":\"fnumber\",\"userhelp\":\"\",\"userhelpTooltip\":false,\"tooltipIcon\":false,\"csslayout\":\"\",\"title\":\"Wpisz liczb\\u0119 lat palenia:\",\"predefined\":\"20\",\"predefinedClick\":false,\"required\":true,\"exclude\":false,\"readonly\":false,\"size\":\"small\",\"thousandSeparator\":\"\",\"decimalSymbol\":\".\",\"min\":\"0\",\"max\":\"70\",\"formatDynamically\":false,\"dformat\":\"number\",\"formats\":[\"digits\",\"number\",\"percent\"],\"fBuild\":{},\"parent\":\"\"},{\"dependencies\":[{\"rule\":\"\",\"complex\":false,\"fields\":[\"\"]}],\"form_identifier\":\"\",\"name\":\"fieldname1\",\"shortlabel\":\"\",\"index\":2,\"ftype\":\"fCalculated\",\"userhelp\":\"\",\"userhelpTooltip\":false,\"tooltipIcon\":false,\"csslayout\":\"\",\"title\":\"LICZBA PACZKOLAT:\",\"predefined\":\"\",\"required\":false,\"exclude\":false,\"size\":\"medium\",\"eq\":\"fieldname2*fieldname3\\\/20\",\"suffix\":\"\",\"prefix\":\"\",\"decimalsymbol\":\".\",\"groupingsymbol\":\"\",\"readonly\":true,\"currency\":false,\"noEvalIfManual\":true,\"formatDynamically\":true,\"hidefield\":false,\"fBuild\":{},\"parent\":\"\"}],{\"0\":{\"title\":\"\",\"description\":\"\",\"formlayout\":\"top_aligned\",\"formtemplate\":\"\",\"evalequations\":1,\"evalequationsevent\":2,\"loading_animation\":0,\"autocomplete\":1,\"persistence\":0,\"customstyles\":\"\"},\"formid\":\"cp_calculatedfieldsf_pform_1\"}];<\/script><\/pre>\n<div id=\"fbuilder\">\n\t\t<div id=\"fbuilder_1\">\n\t\t<div id=\"formheader_1\"><\/div>\n\t\t<div id=\"fieldlist_1\"><\/div>\n\t\t<div class=\"clearer\"><\/div>\n\t<\/div>\n<\/div>\n\t<div id=\"cp_subbtn_1\" class=\"cp_subbtn\" style=\"display:none;\"><\/div><div class=\"clearer\"><\/div>\n\t<input type=\"hidden\" id=\"_cpcff_public_nonce\" name=\"_cpcff_public_nonce\" value=\"a2733d42fb\" \/><input type=\"hidden\" name=\"_wp_http_referer\" value=\"\/index.php?rest_route=%2Fwp%2Fv2%2Fpages%2F333\" \/><input type=\"hidden\" name=\"cff_form_start_time\" value=\"U9VNo78csY9nVzrLmye79A==\"><\/form>\n\t\n<p><span style=\"color: #0000ff;\">Uwaga:<\/span><br \/>\n<span style=\"color: #0000ff;\">je\u015bli kalkulator nie dzia\u0142a, zaktualizuj przegl\u0105dark\u0119.<\/span><\/p>\n<p><input id=\"has-katalon-add-on\" type=\"hidden\" \/><\/p>\n<p><input id=\"has-katalon-add-on\" type=\"hidden\" \/><\/p>\n<p><input id=\"has-katalon-add-on\" type=\"hidden\" \/><\/p>\n<p><input id=\"has-katalon-add-on\" type=\"hidden\" \/><\/p>\n<p><input id=\"has-katalon-add-on\" type=\"hidden\" \/><\/p>\n<p><input id=\"has-katalon-add-on\" type=\"hidden\" \/><\/p>\n<p><input id=\"has-katalon-add-on\" type=\"hidden\" \/><\/p>\n<p><input id=\"has-katalon-add-on\" type=\"hidden\" \/><\/p>\n","protected":false},"excerpt":{"rendered":"<p>Uwaga: je\u015bli kalkulator nie dzia\u0142a, zaktualizuj przegl\u0105dark\u0119.<\/p>\n","protected":false},"author":2,"featured_media":0,"parent":201,"menu_order":0,"comment_status":"closed","ping_status":"closed","template":"","meta":[],"_links":{"self":[{"href":"http:\/\/www.profilaktyka-pluca.pl\/index.php?rest_route=\/wp\/v2\/pages\/333"}],"collection":[{"href":"http:\/\/www.profilaktyka-pluca.pl\/index.php?rest_route=\/wp\/v2\/pages"}],"about":[{"href":"http:\/\/www.profilaktyka-pluca.pl\/index.php?rest_route=\/wp\/v2\/types\/page"}],"author":[{"embeddable":true,"href":"http:\/\/www.profilaktyka-pluca.pl\/index.php?rest_route=\/wp\/v2\/users\/2"}],"replies":[{"embeddable":true,"href":"http:\/\/www.profilaktyka-pluca.pl\/index.php?rest_route=%2Fwp%2Fv2%2Fcomments&post=333"}],"version-history":[{"count":9,"href":"http:\/\/www.profilaktyka-pluca.pl\/index.php?rest_route=\/wp\/v2\/pages\/333\/revisions"}],"predecessor-version":[{"id":353,"href":"http:\/\/www.profilaktyka-pluca.pl\/index.php?rest_route=\/wp\/v2\/pages\/333\/revisions\/353"}],"up":[{"embeddable":true,"href":"http:\/\/www.profilaktyka-pluca.pl\/index.php?rest_route=\/wp\/v2\/pages\/201"}],"wp:attachment":[{"href":"http:\/\/www.profilaktyka-pluca.pl\/index.php?rest_route=%2Fwp%2Fv2%2Fmedia&parent=333"}],"curies":[{"name":"wp","href":"https:\/\/api.w.org\/{rel}","templated":true}]}}